(c).
-1
Let o(b) = b**3 - b**2 - b - 13. Let j = 1475 + -1475. Determine o(j).
-13
Let t(m) = m**3 - 7*m**2 + 10*m - 6. Let j be t(5). Let g be ((-12)/(-10))/(j/(-15)). Suppose 5*z + g + 17 = 0. Let s(k) = k**3 + 4*k**2 + 3. Determine s(z).
3
Suppose 4*y + 2*q - 38 = -0*q, 2*y + 4*q = 34. Let f(m) = -m**3 + 6*m**2 + 5*m + 13. Determine f(y).
-1
Let k(s) = -s**2 - s - 3. Let a = -97 + 95. Determine k(a).
-5
Let g(i) = -2*i**2 + i**2 - 3340*i - 2 + 3339*i. Let k(r) = 3*r**2 + 2*r + 6. Let v(w) = 8*g(w) + 3*k(w). What is v(2)?
2
Let b(y) be the third derivative of 1/60*y**5 - 1/6*y**3 + 1/12*y**4 + 0 + 9*y**2 + 0*y. Determine b(-3).
2
Let o(w) be the third derivative of -w**6/120 - 11*w**5/60 - 5*w**4/12 - 129*w**2 + w. What is o(-10)?
0
Let t = 16 + -10. Suppose -4*d + 20*d = 32. Let b(i) = 3*i**d - 8 - i - 2*i + 7*i**2 - 9*i**2. Calculate b(t).
10
Let m(f) be the third derivative of -f**4/8 - f**3/3 + 78*f**2. Suppose -1 = -y - 3. Determine m(y).
4
Let p = 6 + -6. Let m(d) = 0*d + d - 1 + p. Let a(w) = 2*w**2 - 9*w + 5. Let l be a(3). What is m(l)?
-5
Let c(m) be the third derivative of -7/24*m**4 + 0 + 52*m**2 + 1/30*m**5 + 0*m - 1/3*m**3. Let v be -1*(-1 - -2)*-5. What is c(v)?
13
Let i(x) = 9*x**2 + 6*x + 21. Let k = 9 - -2. Let d(h) = 11 + 0*h + 5*h**2 + h + 2*h. Let u(n) = k*d(n) - 6*i(n). Determine u(5).
5
Let c(s) be the third derivative of -s**6/120 - 13*s**5/60 - s**4/2 + 3*s**3/2 + 628*s**2. What is c(-12)?
9
Let w(d) = 6*d + 1433*d**2 - 6 - 1432*d**2 + 2. Determine w(-7).
3
Let t(a) = -9*a**3 - 16*a**2 - 5*a - 21. Let j(f) = -25*f**3 - 47*f**2 - 14*f - 62. Let k(x) = -4*j(x) + 11*t(x). Give k(-12).
5
Let z(q) = -2*q + 12. Suppose 0 = 2*s + 2*d - 10, -s - 2*d + 10 = 3*s. Suppose 40*i - 42*i + 18 = s. Determine z(i).
-6
Let s(n) be the first derivative of n**4/4 + 7*n**3/3 + 5*n**2/2 - 5*n - 33. Give s(-6).
1
Let c(y) be the third derivative of 0 + 1/2*y**3 + 49*y**2 + 0*y - 1/12*y**4 - 1/60*y**5. What is c(2)?
-5
Let i(x) = x**3 - 4*x**2 + 44*x + 4. Let v(h) = -h**3 + 4*h**2 - 54*h - 5. Let p(n) = -6*i(n) - 5*v(n). Calculate p(5).
6
Let h(k) = -k**2 + 4*k + 1. Let n(r) = -2*r**2 + 17*r + 1. Let z(m) = -3*h(m) + n(m). Suppose 4*l + 3*s = 56, l - 2*l = -2*s - 25. Let d = 11 - l. Give z(d).
4
Let p(y) = -y**2 + y + 9. Let t(n) = -3*n**2 + 2*n + 22. Let f(g) = 5*p(g) - 2*t(g). Suppose v - 2 = -2*a - 0*a, -3*a = 0. Suppose 3 = -v*b - b. What is f(b)?
1
Let x(s) = -2*s**3 + s**2. Let z(v) = -25*v**3 + v - 1. Let q(l) = x(l) - z(l). What is q(1)?
24
Suppose -4*f = 4*i + 8, f + 4*i = -0 - 14. Let s(g) = 5 + g**3 - g + 2*g**f - 3 - 3. Suppose 4*v = 3*k + 2*k + 8, k = v - 1. Give s(v).
-7
Let v(p) = -59*p - 481. Let y be v(-8). Let z(b) = b + 8. Give z(y).
-1
Let u(m) = 4 + 1 - 3 - m. Suppose -4*z + 7*d - 4*d = -11, 2*d - 6 = -4*z. What is u(z)?
0
Suppose -2*m - 21 = -3*c, m = -2*c - c + 12. Let q = c - 9. Let x(v) be the second derivative of -v**4/12 - v**3/6 + 2*v**2 + 6*v. What is x(q)?
-8
Let o(h) = 2*h - 1. Suppose -30 - 30 = -3*l. Let p = l + -18. Suppose -4*z + t - 10 = 0, p*z - 2*t = -2*z - 8. Determine o(z).
-7
Let j(d) = d**2 - 7*d + 1. Suppose -u = -3*t + 23, 0 = -2*t + 4*u + 8 + 4. Give j(t).
9
Let s be (-1)/18*-338 + (-2)/(-9). Let a(z) = -8*z + s*z + 10 - 12*z + 0. Determine a(10).
0
Let l(t) = -2*t + 29. Let p(c) = 91*c - 1078. Let f be p(12). Determine l(f).
1
Let l(w) = w**3 + w**2 + 7. Let h be l(0). Suppose -4*j + 3*z + 6 = 0, j - 4*z = z - 7. Let v(t) = 28*t - 28*t - t**j + t**2 + 6*t**2 + 1. Give v(h).
1
Let r(h) = 8*h**3 + 81136453*h**2 - 81136453*h**2 + 1. Let b = 2 - 1. Give r(b).
9
Let q(x) = x**2 + 2*x - 1. Let p be 1/(7/94) - (-3)/(-7). Suppose -14 = p*v + 12. Determine q(v).
-1
Let g(y) = -6 + 5*y + 0*y + 0 + y**2. Let i(k) = k**3 - 5*k**2 + k - 1. Let f be i(5). Suppose 0 = -3*v - 5*n + 2, 3*n + 28 = -4*v + f*n. Calculate g(v).
0
Suppose 24 = -9*x - 39. Let w(n) = -n - 3. Let o(h) = h + 4. Let c(i) = -6*o(i) - 7*w(i). Calculate c(x).
-10
Let i(j) = 3*j - 2. Let v(b) = 18*b - 9. Let l(z) = 11*i(z) - 2*v(z). Let x be 4/(-10) - (-22)/5. Give l(x).
-16
Let g(y) = -7*y + 1. Let c(d) = 6*d - 2. Let j(q) = -3*c(q) - 2*g(q). Let n be j(0). Let b(h) = 5*h - 6. Calculate b(n).
14
Let q(w) = 4*w**2 - 2*w - 3. Let v = 20 - 12. Let x(l) = 11*l**2 - 5*l - 10. Let m(z) = v*q(z) - 3*x(z). Let f = 138 - 143. Determine m(f).
-14
Let f(u) = 2*u + 20. Let x(i) = -i - 18. Let n(z) = 2*f(z) + 3*x(z). Calculate n(-6).
-20
Let c(i) be the third derivative of -1/8*i**4 + 0*i + 0 - 1/6*i**3 - 7*i**2. What is c(2)?
-7
Let d = 59 - 53. Let g(n) = 15*n**3 - 19*n**2 + 4*n. Let z(t) = -7*t**3 + 9*t**2 - 2*t. Let r(s) = d*g(s) + 13*z(s). Determine r(3).
-6
Let s(f) = 4*f - 4. Let t(u) = -7*u + 8. Let c(b) be the third derivative of b**4/24 - b**3/6 + b**2. Let j be c(4). Let z(a) = j*t(a) + 5*s(a). What is z(-3)?
7
Let s(w) = w**2 - 3*w. Let u be 3 + (3 - 2) + 20. Let k(y) = -11 + y + u - 2. Let h be k(-6). Give s(h).
10
Let m(o) = 2*o**3 + 15*o**2 + 24*o - 2. Let h be m(-5). Let v(p) be the third derivative of p**5/30 - 5*p**4/24 + p**3/3 - p**2. Calculate v(h).
5
Let n(d) be the first derivative of -d**2/2 + 11*d + 82. Determine n(9).
2
Let k(p) = -24 - p + 6*p**2 + 63 - 4*p - 30 + p**3. What is k(-7)?
-5
Let y = 403 + -397. Let r(q) = q**2 - 7*q. Give r(y).
-6
Let y(z) = -2*z + 1. Let c = 50 + -47. Let q be ((-39)/(-6) - 2)*2/c. Give y(q).
-5
Let w be (3/(-3) + 2)*1. Let k(d) = -d**3 + d**2 - d + 1. Let i be k(w). Let y(m) = -m**3 + m - 2. Calculate y(i).
-2
Let b(o) = -235 - 5*o + 196 + 2*o. Let z be b(-15). Let q(l) = -l**3 + 5*l**2 + 7*l. Calculate q(z).
6
Let c be ((-14)/(-18)*-1)/((-5)/45). Let m(s) = -s**3 + 7*s**2 - 7. Calculate m(c).
-7
Let o be 1/11 + (-609)/(-77). Let l(p) = -p - 8. What is l(o)?
-16
Let r(l) = 2*l - 1. Let b be r(4). Suppose 4*z + 5 + b = 0. Let i(g) = 21*g**2 + 1 - 8*g**2 + 6 + g**3 - 10 - 9*g**2. Give i(z).
6
Let y = 40 + -44. Let t(i) be the second derivative of -i**4/24 - 3*i**3/2 + i**2/2 - 2*i. Let z(l) be the first derivative of t(l). Determine z(y).
-5
Let k(x) be the second derivative of x**5/20 - 7*x**4/12 + 2*x**3/3 - 2*x**2 - 424*x. Give k(6).
-16
Let t be (6/(-4))/(1/4). Let y(k) be the third derivative of 0 + 0*k + 1/3*k**3 - 4*k**2 + 1/24*k**4. Give y(t).
-4
Let w(f) = 7*f - 17. Let u be (39 - 35)/(3 + (4 - 5)). Calculate w(u).
-3
Let q(f) be the first derivative of -f**3/3 - 2*f**2 + 2*f - 7. Let v be q(-4). Suppose 4*d + v*d = 18. Let r(n) = -2*n - 3. Determine r(d).
-9
Let m(p) = -8*p**3 - p**2 - 2*p - 1. Let j be ((-5 - -9) + -3)*-1. What is m(j)?
8
Let k = 19 + -17. Let l(p) = 0 - 3*p + p + 0. Calculate l(k).
-4
Let v(t) = -t**2 - 5*t - 1. Let g(r) = 2*r - 2. Let j be g(2). Suppose -j*h + 21 = -9*h. Give v(h).
5
Suppose -19 = -3*h - 2*s, h = 2*h - 5*s + 22. Let t(b) = -45*b**3 - b - 3 + 4 - b + 44*b**h. Calculate t(1).
-2
Let n(u) be the first derivative of 1 - u**3 - 1/4*u**4 + 4*u + 0*u**2. Determine n(-3).
4
Let y(z) = z + 1. Let k = 62 + -64. Let w(r) = -6*r - 3. Let b(t) = k*y(t) - w(t). Give b(1).
5
Let i(c) = c**3 + 10 - 7 + 0*c**3 - c**2 - c. Calculate i(4).
47
Let k be (-240)/180*(4 + (-15)/6). Let i(m) = -14*m + 6. Let v(y) = 5*y - 2. Let a(u) = -4*i(u) - 11*v(u). Give a(k).
-4
Let t(w) = w**2 - 5*w - 3. Let r be (32 + -38)*21/(-18). Calculate t(r).
11
Let b(v) = 17*v**2 - 2*v - 25. Let w(o) = -20*o**2 + o + 27. Let p(r) = -7*b(r) - 6*w(r). Give p(-6).
1
Let o be 0*(-2 - 2/(-2)). Let x(n) = n + 48. Let h(l) = -l - 40. Let w(m) = -7*h(m) - 6*x(m). Calculate w(o).
-8
Let t(h) = -h**2 - 2096*h + 2097*h + 0 - 5*h**3 - 6 + 2*h**2 + 7. Let p = -2 + 1. Give t(p).
6
Let r = -21 + 12. Let p(u) be the third derivative of -u**4/24 - 2*u**3/3 + 307*u**2. Give p(r).
5
Let w(n) = -n**3 + 3*n**2 + n - 3. Suppose 28*b = 23*b - 15. Let q be (6 - 1)*b/45*-9. Calculate w(q).
0
Let u(s) be the first derivative of -3*s - 5/3*s**3 - 2 + 5/2*s**2 - 1/4*s**4. Calculate u(-6).
3
Suppose 3*a - 8 = -y - 81, 191 = -3*y - 2*a. Let p = 56 + y. Let l(m) = -m**2 - 3*m. Calculate l(p).
-10
Let p(k) be the first derivative of k**2 + 14*k - 11. Let d be p(-7). Let a(f) be the first derivative of -f**4/4 + f**2/2 + 7*f + 2. Give a(d).
7
Let i(c) = 3*c**3 + 2*c - 5. Let q(u) = 2*u**3 + u - 3. Let x(z) = -3*i(z) + 5*q(z